{"id":10102467,"date":"2024-02-17T18:44:10","date_gmt":"2024-02-17T17:44:10","guid":{"rendered":"https:\/\/www.projektwrzesnia.pl\/wordpress\/?page_id=10102467"},"modified":"2024-02-22T22:01:46","modified_gmt":"2024-02-22T21:01:46","slug":"henryk-wszelaki","status":"publish","type":"page","link":"https:\/\/www.projektwrzesnia.pl\/wordpress\/wybory\/powiat\/kandydaci\/henryk-wszelaki\/","title":{"rendered":"Henryk Wszelaki"},"content":{"rendered":"\n<p style=\"font-size:30px;font-style:normal;font-weight:500\">Okr\u0119g Wyborczy nr 3 (wsie gminy Wrze\u015bnia, gmina Nekla)<\/p>\n\n\n\n<div class=\"wp-block-columns is-layout-flex wp-container-core-columns-is-layout-9d6595d7 wp-block-columns-is-layout-flex\">\n<div class=\"wp-block-column is-layout-flow wp-block-column-is-layout-flow\" style=\"flex-basis:33.33%\">\n<figure class=\"wp-block-image size-large\"><img loading=\"lazy\" decoding=\"async\" width=\"819\" height=\"1024\" src=\"https:\/\/www.projektwrzesnia.pl\/wordpress\/wp-content\/uploads\/2024\/02\/Henryk-Wszelaki-20240123-20231204-PROJEKT-WRZESNIA-23-283-819x1024.jpg\" alt=\"\" class=\"wp-image-10102468\" style=\"aspect-ratio:2\/3;object-fit:cover\" srcset=\"https:\/\/www.projektwrzesnia.pl\/wordpress\/wp-content\/uploads\/2024\/02\/Henryk-Wszelaki-20240123-20231204-PROJEKT-WRZESNIA-23-283-819x1024.jpg 819w, https:\/\/www.projektwrzesnia.pl\/wordpress\/wp-content\/uploads\/2024\/02\/Henryk-Wszelaki-20240123-20231204-PROJEKT-WRZESNIA-23-283-240x300.jpg 240w, https:\/\/www.projektwrzesnia.pl\/wordpress\/wp-content\/uploads\/2024\/02\/Henryk-Wszelaki-20240123-20231204-PROJEKT-WRZESNIA-23-283-768x961.jpg 768w, https:\/\/www.projektwrzesnia.pl\/wordpress\/wp-content\/uploads\/2024\/02\/Henryk-Wszelaki-20240123-20231204-PROJEKT-WRZESNIA-23-283.jpg 1200w\" sizes=\"auto, (max-width: 819px) 100vw, 819px\" \/><\/figure>\n<\/div>\n\n\n\n<div class=\"wp-block-column is-layout-flow wp-block-column-is-layout-flow\" style=\"flex-basis:66.66%\">\n<p>Mam 69 lat i mieszkam w Opat\u00f3wku przy lesie. Przez wiele lat zajmowa\u0142em si\u0119 krawiectwem i jest to m\u00f3j zaw\u00f3d. Pasjonuje si\u0119 motoryzacj\u0105 oraz zajmowa\u0142em si\u0119 handlem samochodami. Obecnie jestem ju\u017c na emeryturze, ale wci\u0105\u017c aktywnie uczestnicz\u0119 w \u017cyciu lokalnej spo\u0142eczno\u015bci i w\u0142\u0105czam si\u0119 w r\u00f3\u017cne akcje.<\/p>\n\n\n\n<p>Lubi\u0119 je\u017adzi\u0107 na rowerze po najbli\u017cszej okolicy, a tak\u017ce wyje\u017cd\u017ca\u0107 samochodem z rowerem i dalej zwiedzam inne tereny. Kandyduj\u0119, poniewa\u017c jest jeszcze wiele do zrobienia w naszej okolicy i nie zamierzam sta\u0107 bezczynnie i czeka\u0107, a\u017c problemy mieszka\u0144c\u00f3w same si\u0119 rozwi\u0105\u017c\u0105.<\/p>\n\n\n\n<p>M\u00f3j plan wyborczy:<\/p>\n\n\n\n<ul class=\"wp-block-list\">\n<li>doprowadzenie gazu,<\/li>\n\n\n\n<li>doprowadzenie \u015bwiat\u0142owodu,<\/li>\n\n\n\n<li>powstanie nowych dr\u00f3g asfaltowych w Opat\u00f3wku i okolicach.<\/li>\n<\/ul>\n<\/div>\n<\/div>\n\n\n\n<div class=\"wp-block-buttons is-layout-flex wp-block-buttons-is-layout-flex\">\n<div class=\"wp-block-button\"><a class=\"wp-block-button__link wp-element-button\" href=\"https:\/\/www.projektwrzesnia.pl\/wordpress\/wybory\/powiat\/\">Powr\u00f3t<\/a><\/div>\n<\/div>\n","protected":false},"excerpt":{"rendered":"<p>Okr\u0119g Wyborczy nr 3 (wsie gminy Wrze\u015bnia, gmina Nekla) Mam 69 lat i mieszkam w Opat\u00f3wku przy lesie. Przez wiele lat zajmowa\u0142em si\u0119 krawiectwem i jest to m\u00f3j zaw\u00f3d. Pasjonuje si\u0119 motoryzacj\u0105 oraz zajmowa\u0142em si\u0119 handlem samochodami. Obecnie jestem ju\u017c na emeryturze, ale wci\u0105\u017c aktywnie uczestnicz\u0119 w \u017cyciu lokalnej spo\u0142eczno\u015bci i w\u0142\u0105czam si\u0119 w r\u00f3\u017cne [&hellip;]<\/p>\n","protected":false},"author":4,"featured_media":0,"parent":10102298,"menu_order":0,"comment_status":"closed","ping_status":"closed","template":"","meta":{"_acf_changed":false,"footnotes":""},"class_list":["post-10102467","page","type-page","status-publish","hentry"],"acf":[],"_links":{"self":[{"href":"https:\/\/www.projektwrzesnia.pl\/wordpress\/wp-json\/wp\/v2\/pages\/10102467","targetHints":{"allow":["GET"]}}],"collection":[{"href":"https:\/\/www.projektwrzesnia.pl\/wordpress\/wp-json\/wp\/v2\/pages"}],"about":[{"href":"https:\/\/www.projektwrzesnia.pl\/wordpress\/wp-json\/wp\/v2\/types\/page"}],"author":[{"embeddable":true,"href":"https:\/\/www.projektwrzesnia.pl\/wordpress\/wp-json\/wp\/v2\/users\/4"}],"replies":[{"embeddable":true,"href":"https:\/\/www.projektwrzesnia.pl\/wordpress\/wp-json\/wp\/v2\/comments?post=10102467"}],"version-history":[{"count":3,"href":"https:\/\/www.projektwrzesnia.pl\/wordpress\/wp-json\/wp\/v2\/pages\/10102467\/revisions"}],"predecessor-version":[{"id":10102707,"href":"https:\/\/www.projektwrzesnia.pl\/wordpress\/wp-json\/wp\/v2\/pages\/10102467\/revisions\/10102707"}],"up":[{"embeddable":true,"href":"https:\/\/www.projektwrzesnia.pl\/wordpress\/wp-json\/wp\/v2\/pages\/10102298"}],"wp:attachment":[{"href":"https:\/\/www.projektwrzesnia.pl\/wordpress\/wp-json\/wp\/v2\/media?parent=10102467"}],"curies":[{"name":"wp","href":"https:\/\/api.w.org\/{rel}","templated":true}]}}

<p style="font-size:30px;font-style:normal;font-weight:500">Okręg Wyborczy nr 3 (wsie gminy Września, gmina Nekla)</p>



<div class="wp-block-columns is-layout-flex wp-container-core-columns-is-layout-9d6595d7 wp-block-columns-is-layout-flex">
<div class="wp-block-column is-layout-flow wp-block-column-is-layout-flow" style="flex-basis:33.33%">
<figure class="wp-block-image size-large"><img loading="lazy" decoding="async" width="819" height="1024" src="https://www.projektwrzesnia.pl/wordpress/wp-content/uploads/2024/02/Henryk-Wszelaki-20240123-20231204-PROJEKT-WRZESNIA-23-283-819x1024.jpg" alt="" class="wp-image-10102468" style="aspect-ratio:2/3;object-fit:cover" srcset="https://www.projektwrzesnia.pl/wordpress/wp-content/uploads/2024/02/Henryk-Wszelaki-20240123-20231204-PROJEKT-WRZESNIA-23-283-819x1024.jpg 819w, https://www.projektwrzesnia.pl/wordpress/wp-content/uploads/2024/02/Henryk-Wszelaki-20240123-20231204-PROJEKT-WRZESNIA-23-283-240x300.jpg 240w, https://www.projektwrzesnia.pl/wordpress/wp-content/uploads/2024/02/Henryk-Wszelaki-20240123-20231204-PROJEKT-WRZESNIA-23-283-768x961.jpg 768w, https://www.projektwrzesnia.pl/wordpress/wp-content/uploads/2024/02/Henryk-Wszelaki-20240123-20231204-PROJEKT-WRZESNIA-23-283.jpg 1200w" sizes="auto, (max-width: 819px) 100vw, 819px" /></figure>
</div>



<div class="wp-block-column is-layout-flow wp-block-column-is-layout-flow" style="flex-basis:66.66%">
<p>Mam 69 lat i mieszkam w Opatówku przy lesie. Przez wiele lat zajmowałem się krawiectwem i jest to mój zawód. Pasjonuje się motoryzacją oraz zajmowałem się handlem samochodami. Obecnie jestem już na emeryturze, ale wciąż aktywnie uczestniczę w życiu lokalnej społeczności i włączam się w różne akcje.</p>



<p>Lubię jeździć na rowerze po najbliższej okolicy, a także wyjeżdżać samochodem z rowerem i dalej zwiedzam inne tereny. Kandyduję, ponieważ jest jeszcze wiele do zrobienia w naszej okolicy i nie zamierzam stać bezczynnie i czekać, aż problemy mieszkańców same się rozwiążą.</p>



<p>Mój plan wyborczy:</p>



<ul class="wp-block-list">
<li>doprowadzenie gazu,</li>



<li>doprowadzenie światłowodu,</li>



<li>powstanie nowych dróg asfaltowych w Opatówku i okolicach.</li>
</ul>
</div>
</div>



<div class="wp-block-buttons is-layout-flex wp-block-buttons-is-layout-flex">
<div class="wp-block-button"><a class="wp-block-button__link wp-element-button" href="https://www.projektwrzesnia.pl/wordpress/wybory/powiat/">Powrót</a></div>
</div>

<p>Okręg Wyborczy nr 3 (wsie gminy Września, gmina Nekla) Mam 69 lat i mieszkam w Opatówku przy lesie. Przez wiele lat zajmowałem się krawiectwem i jest to mój zawód. Pasjonuje się motoryzacją oraz zajmowałem się handlem samochodami. Obecnie jestem już na emeryturze, ale wciąż aktywnie uczestniczę w życiu lokalnej społeczności i włączam się w różne [&hellip;]</p>
